 multiple of 28?
False
Does 4237 divide 2885261416?
True
Is 11 a factor of 228587843?
True
Does 8276 divide 1575849765?
False
Does 35 divide 2711205?
True
Does 29 divide 15042068?
True
Is 90645334 a multiple of 13?
True
Does 65 divide 72649720?
True
Is 108 a factor of 2085493315?
False
Does 4147 divide 1423685835?
True
Does 318 divide 306369786?
True
Does 21 divide 38252266?
False
Is 5 a factor of 78556570?
True
Is 121440956 a multiple of 497?
True
Does 145 divide 905383045?
True
Is 103785408 a multiple of 17?
True
Does 456 divide 43621201?
False
Does 16 divide 238322757?
False
Is 1034 a factor of 38945987?
False
Is 21 a factor of 360848465?
False
Does 414 divide 64539922?
False
Does 16 divide 52968896?
True
Does 4891 divide 183980219?
False
Is 938683152 a multiple of 1122?
True
Is 2455 a factor of 169129860?
True
Is 3993096 a multiple of 557?
False
Is 69800409 a multiple of 48?
False
Is 523 a factor of 92808638?
False
Is 44456808 a multiple of 11?
True
Does 363 divide 1493019?
True
Is 25132947 a multiple of 35?
False
Is 4587 a factor of 1246251204?
True
Is 382095307 a multiple of 3332?
False
Does 130 divide 27431820?
True
Does 19 divide 127655547?
True
Is 68 a factor of 397486792?
True
Is 1384 a factor of 253218024?
True
Does 362 divide 156844803?
False
Is 5 a factor of 957620785?
True
Is 8 a factor of 25029776?
True
Is 67 a factor of 30805394?
True
Does 6 divide 8234631?
False
Is 1099693771 a multiple of 24?
False
Is 13271 a factor of 1414144489?
True
Does 1494 divide 937021860?
True
Is 1036720452 a multiple of 1156?
True
Is 22 a factor of 3241589508?
False
Is 28 a factor of 152122516?
True
Is 86 a factor of 234765542?
False
Is 1084699146 a multiple of 10?
False
Is 172 a factor of 26639958?
False
Is 1115951863 a multiple of 13?
True
Is 28172026 a multiple of 134?
True
Is 231 a factor of 3362267500?
False
Is 407 a factor of 4553923?
True
Does 14 divide 109314942?
False
Is 2883344 a multiple of 587?
True
Does 916 divide 604025972?
True
Is 5 a factor of 21173212?
False
Is 379 a factor of 98205475?
False
Is 88 a factor of 110708044?
False
Is 166937201 a multiple of 4562?
False
Does 80 divide 18840640?
True
Does 267 divide 45781352?
False
Is 37750205 a multiple of 28?
False
Does 50 divide 504577?
False
Is 2110 a factor of 179683463?
False
Is 569432352 a multiple of 3482?
True
Does 3235 divide 110404080?
True
Is 23891626 a multiple of 418?
True
Is 134 a factor of 3477144292?
True
Is 3247 a factor of 183556157?
True
Does 51 divide 176043155?
False
Is 169716794 a multiple of 30?
False
Does 291 divide 1008044370?
True
Is 9068 a factor of 1615155888?
True
Is 3421539570 a multiple of 95?
True
Is 868220946 a multiple of 182?
False
Does 24 divide 74191956?
False
Does 13 divide 3406158?
False
Is 832 a factor of 103222813?
False
Does 43 divide 7994474?
True
Does 63 divide 63841748?
False
Is 23 a factor of 4048688?
False
Is 413777307 a multiple of 551?
True
Is 537 a factor of 98836501?
False
Does 63 divide 385962478?
False
Is 769 a factor of 62648892?
True
Is 460167960 a multiple of 4?
True
Does 152 divide 74751704?
False
Does 48 divide 8900832?
True
Is 28383776 a multiple of 32?
True
Does 943 divide 239801442?
False
Is 1891656896 a multiple of 5056?
True
Is 485 a factor of 778757225?
True
Does 27 divide 382871650?
False
Does 35 divide 19703868?
False
Is 177 a factor of 1896381691?
False
Is 11828454 a multiple of 831?
True
Is 121640414 a multiple of 7?
True
Is 453 a factor of 185989477?
False
Is 302617788 a multiple of 57?
True
Is 12 a factor of 145939008?
True
Is 65140342 a multiple of 947?
True
Does 12 divide 8039172?
True
Is 270776025 a multiple of 975?
True
Is 99707168 a multiple of 2167?
False
Is 29 a factor of 76363995?
False
Is 79 a factor of 1991594719?
False
Is 16121778 a multiple of 914?
False
Does 13 divide 1021234?
False
Is 2011 a factor of 392452045?
False
Is 446 a factor of 5169586?
True
Is 2875 a factor of 392630125?
True
Is 1031 a factor of 234872110?
True
Is 4775030 a multiple of 23?
True
Is 5611045 a multiple of 16?
False
Does 2 divide 54653072?
True
Is 7695424 a multiple of 68?
True
Is 745 a factor of 28826107?
False
Is 19665200 a multiple of 1055?
True
Does 3944 divide 110310936?
False
Does 149 divide 7509302?
True
Does 15 divide 1457544402?
False
Does 1055 divide 9933620?
False
Is 33 a factor of 168137508?
True
Is 117 a factor of 57853107?
True
Is 68126625 a multiple of 1125?
True
Is 104048066 a multiple of 68?
False
Is 2041513872 a multiple of 2672?
False
Is 219 a factor of 1701628686?
True
Does 200 divide 35082775?
False
Does 1331 divide 766999713?
False
Is 4047676 a multiple of 2?
True
Is 102 a factor of 876429059?
False
Is 12251842 a multiple of 289?
False
Is 955409248 a multiple of 11?
False
Is 1746614707 a multiple of 5294?
False
Is 135 a factor of 1864694520?
True
Is 3370 a factor of 280127880?
True
Is 196516242 a multiple of 9?
True
Does 506 divide 41558792?
True
Is 33 a factor of 35500535?
False
Is 4136 a factor of 9334952?
True
Is 589173246 a multiple of 3?
True
Is 27791070 a multiple of 1110?
True
Is 24 a factor of 50636808?
True
Is 365 a factor of 217068089?
False
Is 26 a factor of 588309566?
True
Does 45 divide 960693750?
True
Does 158 divide 938146172?
True
Is 3 a factor of 5242629?
True
Is 154 a factor of 718463900?
True
Is 17 a factor of 198872520?
False
Does 267 divide 14656164?
True
Does 3252 divide 618268520?
False
Is 1250 a factor of 48614220?
False
Does 550 divide 1419003850?
True
Is 10 a factor of 16123826?
False
Is 97969066 a multiple of 13?
True
Does 2691 divide 78955731?
False
Does 928 divide 202066432?
True
Is 11393958 a multiple of 3?
True
Does 101 divide 377900388?
True
Does 4 divide 30628904?
True
Is 9 a factor of 19142556?
False
Is 1603818795 a multiple of 38?
False
Is 6 a factor of 328152642?
True
Is 979630562 a multiple of 16?
False
Is 62 a factor of 5218912?
True
Is 1228 a factor of 2234669965?
False
Is 5754956040 a multiple of 5220?
True
Is 15 a factor of 22505536?
False
Is 2323827363 a multiple of 341?
True
Is 137408039 a multiple of 8?
False
Is 64 a factor of 5475017?
False
Is 7693418 a multiple of 71?
True
Is 60028810 a multiple of 49?
False
Does 14 divide 1633958138?
False
Is 13 a factor of 857944022?
True
Is 89830699 a multiple of 7?
True
Does 122 divide 33185586?
True
Does 111 divide 179116273?
False
Is 3084359898 a multiple of 8?
False
Is 15 a factor of 544156822?
False
Is 225 a factor of 1200075194?
False
Is 89 a factor of 80630885?
True
Is 839908441 a multiple of 300?
False
Is 2579 a factor of 135457271?
False
Is 197 a factor of 45356098?
True
Does 51 divide 427867968?
True
Is 716 a factor of 321288535?
False
Is 162501926 a multiple of 3014?
False
Is 3359 a factor of 82771278?
False
Does 3540 divide 2133115500?
True
Does 24 divide 39314487?
False
Does 292 divide 154496032?
True
Does 851 divide 52669241?
True
Does 83 divide 324566520?
True
Does 7 divide 102241055?
True
Does 102 divide 130748291?
False
Is 11 a factor of 619204550?
False
Does 28 divide 10090710?
False
Is 39900139 a multiple of 26?
False
Does 276 divide 2390868030?
False
Is 187 a factor of 46171964?
False
Does 957 divide 726307494?
True
Does 170 divide 7404062?
False
Is 19 a factor of 1196091591?
True
Is 633043993 a multiple of 1896?
False
Is 623289607 a multiple of 6?
False
Does 703 divide 115740514?
True
Does 17 divide 754074950?
True
Is 965063 a multiple of 1390?
False
Is 140029630 a multiple of 94?
False
Is 1636 a factor of 1063404574?
False
Is 74 a factor of 1928578148?
False
Is 459 a factor of 449702955?
True
Is 444 a factor of 240105432?
True
Does 975 divide 394323150?
True
Is 165958974 a multiple of 21?
False
Is 146800670 a multiple of 218?
False
Is 395084790 a multiple of 2385?
True
Does 21 divide 498107946?
True
Does 238 divide 164593660?
True
Does 1930 divide 41307790?
True
Does 45 divide 18409365?
True
Is 122368664 a multiple of 1796?
True
Is 1626115662 a multiple of 54?
True
Is 96 a factor of 306789216?
True
Is 20 a factor of 216482619?
False
Does 442 divide 8501681?
False
Is 441929404 a multiple of 14?
True
Does 7 divide 2895011?
True
Is 244 a factor of 478393037?
False
Is 482 a factor of 1379191847?
False
Is 5 a factor of 46710832?
False
Does 59 divide 28443290?
False
Is 211 a factor of 29072002?
True
Is 9406136